{"id":4454,"date":"2021-06-24T15:56:22","date_gmt":"2021-06-24T13:56:22","guid":{"rendered":"https:\/\/symbioosi.fr\/?post_type=product&#038;p=4454"},"modified":"2022-05-10T20:32:50","modified_gmt":"2022-05-10T18:32:50","slug":"peluche-interactive-burrow-mug-ses-donuts-zippypaws","status":"publish","type":"product","link":"https:\/\/symbioosi.fr\/index.php\/produit\/peluche-interactive-burrow-mug-ses-donuts-zippypaws\/","title":{"rendered":"Peluche interactive Burrow \u2013 Mug &#038; ses donuts \u2013 ZippyPaws"},"content":{"rendered":"<div id=\"s-be6bea4b-b8eb-422e-a501-cbe755519512\" class=\"shg-c \">La peluche interactive burow repr\u00e9sentant un <strong>mug &amp; ses donuts<\/strong>, de chez <strong>ZippyPaws<\/strong>, est un jouet d\u2019occupation pour enrichir l\u2019environnement de votre compagnon. Les trois petites peluches couinent et peuvent sortir par deux ouvertures.<\/div>\n<div><\/div>\n<div>L\u2019objectif du chien ou chat est de r\u00e9ussir \u00e0 extraire les trois peluches du jeu de cachettes. Pour le motiver, vous pouvez cacher \u00e0 l\u2019int\u00e9rieur une friandise qui sera accessible une fois toutes les petites peluches retir\u00e9es.<\/div>\n<div><\/div>\n<div>Mais vous pouvez \u00e9galement vous servir de ce jeu sans friandise, juste pour renforcer votre complicit\u00e9 en montrant \u00e0 votre loulou comment retirer les peluches et en lui cachant de nouveau.<\/div>\n<div><\/div>\n<div>La d\u00e9pense mentale est extr\u00eamement importante et donc indispensable dans le quotidien de votre animal.<\/div>\n<div class=\"shg-c \"><\/div>\n<div class=\"shg-c \"><\/div>\n<div>\n<hr \/>\n<\/div>\n<div class=\"shg-c \">\n<div class=\"shg-rich-text shg-theme-text-content\">\n<p><em>Jouet \u00e0 donner que sous surveillance. Retirez le jouet et remplacez le si il est endommag\u00e9 ou si des pi\u00e8ces se d\u00e9tachent. Aucun jouet n\u2019est indestructible.<\/em><\/p>\n<\/div>\n<h6><strong><em>Photos : Caroline Valkenberg &#8211; Non libres de droit.<\/em><\/strong><\/h6>\n<\/div>\n","protected":false},"excerpt":{"rendered":"<h4 style=\"text-align: center;\"><span style=\"color: #a36a00;\"><b>Jouet d\u2019occupation interactif \u2013 <strong>Stimule l\u2019activit\u00e9 mentale<\/strong><\/b><\/span><\/h4>\n<p>&nbsp;<\/p>\n<p>Ce lot comprend 3 petites peluches qui couinent ainsi que la grosse pour les cacher \u00e0 l\u2019int\u00e9rieur. Les peluches Burrow permettent de luter contre l\u2019ennui et d\u2019enrichir le quotidien de votre compagnon.<\/p>\n<p>Ce jeu peut \u00eatre utilis\u00e9 en cachant des friandises \u00e0 l\u2019int\u00e9rieur ou comme jeu coop\u00e9ratif, afin de renforcer la complicit\u00e9, entre l\u2019humain et son poilu.<\/p>\n<p><strong>Niveau de difficult\u00e9 :<\/strong> interm\u00e9diaire.<\/p>\n","protected":false},"featured_media":5092,"comment_status":"open","ping_status":"closed","template":"","meta":[],"product_cat":[254,255,236,286],"product_tag":[],"yoast_head":"<!-- This site is optimized with the Yoast SEO plugin v17.3 - https:\/\/yoast.com\/wordpress\/plugins\/seo\/ -->\n<title>Peluche interactive Burrow \u2013 Mug &amp; ses donuts \u2013 ZippyPaws - SYMBIOOSI<\/title>\n<meta name=\"robots\" content=\"noindex, follow, max-snippet:-1, max-image-preview:large, max-video-preview:-1\" \/>\n<meta property=\"og:locale\" content=\"fr_FR\" \/>\n<meta property=\"og:type\" content=\"article\" \/>\n<meta property=\"og:title\" content=\"Peluche interactive Burrow \u2013 Mug &amp; ses donuts \u2013 ZippyPaws - SYMBIOOSI\" \/>\n<meta property=\"og:description\" content=\"Jouet d\u2019occupation interactif \u2013 Stimule l\u2019activit\u00e9 mentale &nbsp;  Ce lot comprend 3 petites peluches qui couinent ainsi que la grosse pour les cacher \u00e0 l\u2019int\u00e9rieur. Les peluches Burrow permettent de luter contre l\u2019ennui et d\u2019enrichir le quotidien de votre compagnon.  Ce jeu peut \u00eatre utilis\u00e9 en cachant des friandises \u00e0 l\u2019int\u00e9rieur ou comme jeu coop\u00e9ratif, afin de renforcer la complicit\u00e9, entre l\u2019humain et son poilu.  Niveau de difficult\u00e9 : interm\u00e9diaire.\" \/>\n<meta property=\"og:url\" content=\"https:\/\/symbioosi.fr\/index.php\/produit\/peluche-interactive-burrow-mug-ses-donuts-zippypaws\/\" \/>\n<meta property=\"og:site_name\" content=\"SYMBIOOSI\" \/>\n<meta property=\"article:modified_time\" content=\"2022-05-10T18:32:50+00:00\" \/>\n<meta property=\"og:image\" content=\"https:\/\/symbioosi.fr\/wp-content\/uploads\/2021\/06\/IMG_5163.jpg\" \/>\n\t<meta property=\"og:image:width\" content=\"1125\" \/>\n\t<meta property=\"og:image:height\" content=\"749\" \/>\n<meta name=\"twitter:card\" content=\"summary_large_image\" \/>\n<meta name=\"twitter:label1\" content=\"Dur\u00e9e de lecture estim\u00e9e\" \/>\n\t<meta name=\"twitter:data1\" content=\"1 minute\" \/>\n<script type=\"application\/ld+json\" class=\"yoast-schema-graph\">{\"@context\":\"https:\/\/schema.org\",\"@graph\":[{\"@type\":[\"Person\",\"Organization\"],\"@id\":\"https:\/\/symbioosi.fr\/#\/schema\/person\/dd144bbfb16d0edb6ddd70911df0f8d7\",\"name\":\"Symbioosi\",\"image\":{\"@type\":\"ImageObject\",\"@id\":\"https:\/\/symbioosi.fr\/#personlogo\",\"inLanguage\":\"fr-FR\",\"url\":\"https:\/\/symbioosi.fr\/wp-content\/uploads\/2020\/04\/Sans-titre.png\",\"contentUrl\":\"https:\/\/symbioosi.fr\/wp-content\/uploads\/2020\/04\/Sans-titre.png\",\"width\":500,\"height\":500,\"caption\":\"Symbioosi\"},\"logo\":{\"@id\":\"https:\/\/symbioosi.fr\/#personlogo\"},\"sameAs\":[\"https:\/\/www.instagram.com\/symbioosi_store\/\"]},{\"@type\":\"WebSite\",\"@id\":\"https:\/\/symbioosi.fr\/#website\",\"url\":\"https:\/\/symbioosi.fr\/\",\"name\":\"SYMBIOOSI\",\"description\":\"Produits naturels et de qualit\\u00e9 pour chiens, chats, NAC...\",\"publisher\":{\"@id\":\"https:\/\/symbioosi.fr\/#\/schema\/person\/dd144bbfb16d0edb6ddd70911df0f8d7\"},\"potentialAction\":[{\"@type\":\"SearchAction\",\"target\":{\"@type\":\"EntryPoint\",\"urlTemplate\":\"https:\/\/symbioosi.fr\/?s={search_term_string}\"},\"query-input\":\"required name=search_term_string\"}],\"inLanguage\":\"fr-FR\"},{\"@type\":\"ImageObject\",\"@id\":\"https:\/\/symbioosi.fr\/index.php\/produit\/peluche-interactive-burrow-mug-ses-donuts-zippypaws\/#primaryimage\",\"inLanguage\":\"fr-FR\",\"url\":\"https:\/\/symbioosi.fr\/wp-content\/uploads\/2021\/06\/IMG_5163.jpg\",\"contentUrl\":\"https:\/\/symbioosi.fr\/wp-content\/uploads\/2021\/06\/IMG_5163.jpg\",\"width\":1125,\"height\":749},{\"@type\":\"WebPage\",\"@id\":\"https:\/\/symbioosi.fr\/index.php\/produit\/peluche-interactive-burrow-mug-ses-donuts-zippypaws\/#webpage\",\"url\":\"https:\/\/symbioosi.fr\/index.php\/produit\/peluche-interactive-burrow-mug-ses-donuts-zippypaws\/\",\"name\":\"Peluche interactive Burrow \\u2013 Mug & ses donuts \\u2013 ZippyPaws - SYMBIOOSI\",\"isPartOf\":{\"@id\":\"https:\/\/symbioosi.fr\/#website\"},\"primaryImageOfPage\":{\"@id\":\"https:\/\/symbioosi.fr\/index.php\/produit\/peluche-interactive-burrow-mug-ses-donuts-zippypaws\/#primaryimage\"},\"datePublished\":\"2021-06-24T13:56:22+00:00\",\"dateModified\":\"2022-05-10T18:32:50+00:00\",\"breadcrumb\":{\"@id\":\"https:\/\/symbioosi.fr\/index.php\/produit\/peluche-interactive-burrow-mug-ses-donuts-zippypaws\/#breadcrumb\"},\"inLanguage\":\"fr-FR\",\"potentialAction\":[{\"@type\":\"ReadAction\",\"target\":[\"https:\/\/symbioosi.fr\/index.php\/produit\/peluche-interactive-burrow-mug-ses-donuts-zippypaws\/\"]}]},{\"@type\":\"BreadcrumbList\",\"@id\":\"https:\/\/symbioosi.fr\/index.php\/produit\/peluche-interactive-burrow-mug-ses-donuts-zippypaws\/#breadcrumb\",\"itemListElement\":[{\"@type\":\"ListItem\",\"position\":1,\"name\":\"Accueil\",\"item\":\"https:\/\/symbioosi.fr\/\"},{\"@type\":\"ListItem\",\"position\":2,\"name\":\"Boutique\",\"item\":\"https:\/\/symbioosi.fr\/index.php\/boutique\/\"},{\"@type\":\"ListItem\",\"position\":3,\"name\":\"Peluche interactive Burrow \\u2013 Mug &#038; ses donuts \\u2013 ZippyPaws\"}]}]}<\/script>\n<!-- \/ Yoast SEO plugin. -->","yoast_head_json":{"title":"Peluche interactive Burrow \u2013 Mug & ses donuts \u2013 ZippyPaws - SYMBIOOSI","robots":{"index":"noindex","follow":"follow","max-snippet":"max-snippet:-1","max-image-preview":"max-image-preview:large","max-video-preview":"max-video-preview:-1"},"og_locale":"fr_FR","og_type":"article","og_title":"Peluche interactive Burrow \u2013 Mug & ses donuts \u2013 ZippyPaws - SYMBIOOSI","og_description":"Jouet d\u2019occupation interactif \u2013 Stimule l\u2019activit\u00e9 mentale &nbsp;  Ce lot comprend 3 petites peluches qui couinent ainsi que la grosse pour les cacher \u00e0 l\u2019int\u00e9rieur. Les peluches Burrow permettent de luter contre l\u2019ennui et d\u2019enrichir le quotidien de votre compagnon.  Ce jeu peut \u00eatre utilis\u00e9 en cachant des friandises \u00e0 l\u2019int\u00e9rieur ou comme jeu coop\u00e9ratif, afin de renforcer la complicit\u00e9, entre l\u2019humain et son poilu.  Niveau de difficult\u00e9 : interm\u00e9diaire.","og_url":"https:\/\/symbioosi.fr\/index.php\/produit\/peluche-interactive-burrow-mug-ses-donuts-zippypaws\/","og_site_name":"SYMBIOOSI","article_modified_time":"2022-05-10T18:32:50+00:00","og_image":[{"width":1125,"height":749,"url":"https:\/\/symbioosi.fr\/wp-content\/uploads\/2021\/06\/IMG_5163.jpg","type":"image\/jpeg"}],"twitter_card":"summary_large_image","twitter_misc":{"Dur\u00e9e de lecture estim\u00e9e":"1 minute"},"schema":{"@context":"https:\/\/schema.org","@graph":[{"@type":["Person","Organization"],"@id":"https:\/\/symbioosi.fr\/#\/schema\/person\/dd144bbfb16d0edb6ddd70911df0f8d7","name":"Symbioosi","image":{"@type":"ImageObject","@id":"https:\/\/symbioosi.fr\/#personlogo","inLanguage":"fr-FR","url":"https:\/\/symbioosi.fr\/wp-content\/uploads\/2020\/04\/Sans-titre.png","contentUrl":"https:\/\/symbioosi.fr\/wp-content\/uploads\/2020\/04\/Sans-titre.png","width":500,"height":500,"caption":"Symbioosi"},"logo":{"@id":"https:\/\/symbioosi.fr\/#personlogo"},"sameAs":["https:\/\/www.instagram.com\/symbioosi_store\/"]},{"@type":"WebSite","@id":"https:\/\/symbioosi.fr\/#website","url":"https:\/\/symbioosi.fr\/","name":"SYMBIOOSI","description":"Produits naturels et de qualit\u00e9 pour chiens, chats, NAC...","publisher":{"@id":"https:\/\/symbioosi.fr\/#\/schema\/person\/dd144bbfb16d0edb6ddd70911df0f8d7"},"potentialAction":[{"@type":"SearchAction","target":{"@type":"EntryPoint","urlTemplate":"https:\/\/symbioosi.fr\/?s={search_term_string}"},"query-input":"required name=search_term_string"}],"inLanguage":"fr-FR"},{"@type":"ImageObject","@id":"https:\/\/symbioosi.fr\/index.php\/produit\/peluche-interactive-burrow-mug-ses-donuts-zippypaws\/#primaryimage","inLanguage":"fr-FR","url":"https:\/\/symbioosi.fr\/wp-content\/uploads\/2021\/06\/IMG_5163.jpg","contentUrl":"https:\/\/symbioosi.fr\/wp-content\/uploads\/2021\/06\/IMG_5163.jpg","width":1125,"height":749},{"@type":"WebPage","@id":"https:\/\/symbioosi.fr\/index.php\/produit\/peluche-interactive-burrow-mug-ses-donuts-zippypaws\/#webpage","url":"https:\/\/symbioosi.fr\/index.php\/produit\/peluche-interactive-burrow-mug-ses-donuts-zippypaws\/","name":"Peluche interactive Burrow \u2013 Mug & ses donuts \u2013 ZippyPaws - SYMBIOOSI","isPartOf":{"@id":"https:\/\/symbioosi.fr\/#website"},"primaryImageOfPage":{"@id":"https:\/\/symbioosi.fr\/index.php\/produit\/peluche-interactive-burrow-mug-ses-donuts-zippypaws\/#primaryimage"},"datePublished":"2021-06-24T13:56:22+00:00","dateModified":"2022-05-10T18:32:50+00:00","breadcrumb":{"@id":"https:\/\/symbioosi.fr\/index.php\/produit\/peluche-interactive-burrow-mug-ses-donuts-zippypaws\/#breadcrumb"},"inLanguage":"fr-FR","potentialAction":[{"@type":"ReadAction","target":["https:\/\/symbioosi.fr\/index.php\/produit\/peluche-interactive-burrow-mug-ses-donuts-zippypaws\/"]}]},{"@type":"BreadcrumbList","@id":"https:\/\/symbioosi.fr\/index.php\/produit\/peluche-interactive-burrow-mug-ses-donuts-zippypaws\/#breadcrumb","itemListElement":[{"@type":"ListItem","position":1,"name":"Accueil","item":"https:\/\/symbioosi.fr\/"},{"@type":"ListItem","position":2,"name":"Boutique","item":"https:\/\/symbioosi.fr\/index.php\/boutique\/"},{"@type":"ListItem","position":3,"name":"Peluche interactive Burrow \u2013 Mug &#038; ses donuts \u2013 ZippyPaws"}]}]}},"_links":{"self":[{"href":"https:\/\/symbioosi.fr\/index.php\/wp-json\/wp\/v2\/product\/4454"}],"collection":[{"href":"https:\/\/symbioosi.fr\/index.php\/wp-json\/wp\/v2\/product"}],"about":[{"href":"https:\/\/symbioosi.fr\/index.php\/wp-json\/wp\/v2\/types\/product"}],"replies":[{"embeddable":true,"href":"https:\/\/symbioosi.fr\/index.php\/wp-json\/wp\/v2\/comments?post=4454"}],"wp:featuredmedia":[{"embeddable":true,"href":"https:\/\/symbioosi.fr\/index.php\/wp-json\/wp\/v2\/media\/5092"}],"wp:attachment":[{"href":"https:\/\/symbioosi.fr\/index.php\/wp-json\/wp\/v2\/media?parent=4454"}],"wp:term":[{"taxonomy":"product_cat","embeddable":true,"href":"https:\/\/symbioosi.fr\/index.php\/wp-json\/wp\/v2\/product_cat?post=4454"},{"taxonomy":"product_tag","embeddable":true,"href":"https:\/\/symbioosi.fr\/index.php\/wp-json\/wp\/v2\/product_tag?post=4454"}],"curies":[{"name":"wp","href":"https:\/\/api.w.org\/{rel}","templated":true}]}}