{"id":3577,"date":"2021-04-05T19:09:14","date_gmt":"2021-04-05T17:09:14","guid":{"rendered":"https:\/\/symbioosi.fr\/?post_type=product&#038;p=3577"},"modified":"2022-05-10T20:35:44","modified_gmt":"2022-05-10T18:35:44","slug":"emat-honey-sodapup","status":"publish","type":"product","link":"https:\/\/symbioosi.fr\/index.php\/produit\/emat-honey-sodapup\/","title":{"rendered":"Emat Honey &#8211; Sodapup"},"content":{"rendered":"<p><strong>L&#8217;Emat\u00a0Honey de chez Sodapup<\/strong>\u00a0est un tapis d\u2019occupation et de stimulation mentale. Vous pouvez \u00e9taler dessus toutes sortes de m\u00e9langes : p\u00e2t\u00e9e, friandises, recettes maisons\u2026<\/p>\n<p>Lorsque votre animal l\u00e8che le tapis, il produit de l\u2019endorphine, l\u2019hormone de bonheur, ce qui lui permet de s\u2019<em><strong>apaiser<\/strong><\/em> en plus de l\u2019<em><strong>occuper<\/strong><\/em>.<\/p>\n<p>Cet Emat Honey de chez Sodapup, de par ses nombreux reliefs, permet de <em><strong>nettoyer la langue, les dents et les gencives<\/strong><\/em>. La digestion sera \u00e9galement favoris\u00e9e par cette production de salive qui contient l\u2019enzyme amylase.<\/p>\n<p>Nous vous conseillons de mettre l\u2019Emat au cong\u00e9lateur 4-5h avant la d\u00e9gustation pour que l\u2019occupation soit plus longue.<\/p>\n<p>Il peut convenir aux chats\/chatons, chiens\/chiots.<\/p>\n<hr \/>\n<p><strong>Dimensions :\u00a0<\/strong><\/p>\n<ul>\n<li>Honey S : Longueur : 17,5 cm x\u00a0Largeur : 12,5 cm<\/li>\n<li>Honey L : Longueur : 28 cm x\u00a0Largeur : 28 cm<\/li>\n<\/ul>\n<p><strong>Conseil d\u2019entretien :\u00a0<\/strong>Lavage \u00e0 la main ou sur le panier du haut du lave-vaisselle uniquement.<\/p>\n<hr \/>\n<p><span style=\"color: #a36a00;\"><em><strong>Le mot de votre ost\u00e9opathe : Tr\u00e8s utile en m\u00e9dical training, le lickimat permet de rendre les soins beaucoup plus agr\u00e9ables pour tout le monde.\u00a0<\/strong><\/em><\/span><\/p>\n<hr \/>\n<p>Une autre version :<\/p>\n<ul>\n<li>du petit tapis de l\u00e9chage : Le <strong><a href=\"https:\/\/symbioosi.fr\/index.php\/produit\/lickmat-flowers-sodapup\/\">FLOWERS<\/a><\/strong><\/li>\n<li>version os : <a href=\"https:\/\/symbioosi.fr\/index.php\/produit\/lickmat-bones-sodapup\/\"><strong>BONES<\/strong><\/a><\/li>\n<li>version puzzle : <a href=\"https:\/\/symbioosi.fr\/index.php\/produit\/lickmats-jigsaw-puzzle-sodapup\/\"><strong>JIGSAW<\/strong><\/a><\/li>\n<\/ul>\n","protected":false},"excerpt":{"rendered":"<h4 style=\"text-align: center;\"><span style=\"color: #a36a00;\"><strong>Stimulation mentale \u2013 Silicone alimentaire non toxique \u2013 Peut \u00eatre congel\u00e9 ou pass\u00e9 au micro-onde<\/strong><\/span><\/h4>\n<p><strong><i>Sa particularit\u00e9 (alv\u00e9oles) :<\/i><\/strong> parfait pour pi\u00e9ger de grosses friandises, de la viande, du poisson, du liquide ou de la p\u00e2t\u00e9e.<\/p>\n","protected":false},"featured_media":5523,"comment_status":"open","ping_status":"closed","template":"","meta":[],"product_cat":[233,234,286],"product_tag":[],"yoast_head":"<!-- This site is optimized with the Yoast SEO plugin v17.3 - https:\/\/yoast.com\/wordpress\/plugins\/seo\/ -->\n<title>Emat Honey - Sodapup - SYMBIOOSI<\/title>\n<meta name=\"description\" content=\"L&#039;Emat\u00a0Honey de chez Sodapup\u00a0est un tapis d\u2019occupation et de stimulation mentale. Vous pouvez \u00e9taler dessus toutes sortes de m\u00e9langes.\" \/>\n<meta name=\"robots\" content=\"noindex, follow, max-snippet:-1, max-image-preview:large, max-video-preview:-1\" \/>\n<meta property=\"og:locale\" content=\"fr_FR\" \/>\n<meta property=\"og:type\" content=\"article\" \/>\n<meta property=\"og:title\" content=\"Emat Honey - Sodapup - SYMBIOOSI\" \/>\n<meta property=\"og:description\" content=\"L&#039;Emat\u00a0Honey de chez Sodapup\u00a0est un tapis d\u2019occupation et de stimulation mentale. Vous pouvez \u00e9taler dessus toutes sortes de m\u00e9langes.\" \/>\n<meta property=\"og:url\" content=\"https:\/\/symbioosi.fr\/index.php\/produit\/emat-honey-sodapup\/\" \/>\n<meta property=\"og:site_name\" content=\"SYMBIOOSI\" \/>\n<meta property=\"article:modified_time\" content=\"2022-05-10T18:35:44+00:00\" \/>\n<meta property=\"og:image\" content=\"https:\/\/symbioosi.fr\/wp-content\/uploads\/2021\/04\/DSC8998.jpg\" \/>\n\t<meta property=\"og:image:width\" content=\"1365\" \/>\n\t<meta property=\"og:image:height\" content=\"2048\" \/>\n<meta name=\"twitter:card\" content=\"summary_large_image\" \/>\n<meta name=\"twitter:label1\" content=\"Dur\u00e9e de lecture estim\u00e9e\" \/>\n\t<meta name=\"twitter:data1\" content=\"1 minute\" \/>\n<script type=\"application\/ld+json\" class=\"yoast-schema-graph\">{\"@context\":\"https:\/\/schema.org\",\"@graph\":[{\"@type\":[\"Person\",\"Organization\"],\"@id\":\"https:\/\/symbioosi.fr\/#\/schema\/person\/dd144bbfb16d0edb6ddd70911df0f8d7\",\"name\":\"Symbioosi\",\"image\":{\"@type\":\"ImageObject\",\"@id\":\"https:\/\/symbioosi.fr\/#personlogo\",\"inLanguage\":\"fr-FR\",\"url\":\"https:\/\/symbioosi.fr\/wp-content\/uploads\/2020\/04\/Sans-titre.png\",\"contentUrl\":\"https:\/\/symbioosi.fr\/wp-content\/uploads\/2020\/04\/Sans-titre.png\",\"width\":500,\"height\":500,\"caption\":\"Symbioosi\"},\"logo\":{\"@id\":\"https:\/\/symbioosi.fr\/#personlogo\"},\"sameAs\":[\"https:\/\/www.instagram.com\/symbioosi_store\/\"]},{\"@type\":\"WebSite\",\"@id\":\"https:\/\/symbioosi.fr\/#website\",\"url\":\"https:\/\/symbioosi.fr\/\",\"name\":\"SYMBIOOSI\",\"description\":\"Produits naturels et de qualit\\u00e9 pour chiens, chats, NAC...\",\"publisher\":{\"@id\":\"https:\/\/symbioosi.fr\/#\/schema\/person\/dd144bbfb16d0edb6ddd70911df0f8d7\"},\"potentialAction\":[{\"@type\":\"SearchAction\",\"target\":{\"@type\":\"EntryPoint\",\"urlTemplate\":\"https:\/\/symbioosi.fr\/?s={search_term_string}\"},\"query-input\":\"required name=search_term_string\"}],\"inLanguage\":\"fr-FR\"},{\"@type\":\"ImageObject\",\"@id\":\"https:\/\/symbioosi.fr\/index.php\/produit\/emat-honey-sodapup\/#primaryimage\",\"inLanguage\":\"fr-FR\",\"url\":\"https:\/\/symbioosi.fr\/wp-content\/uploads\/2021\/04\/DSC8998.jpg\",\"contentUrl\":\"https:\/\/symbioosi.fr\/wp-content\/uploads\/2021\/04\/DSC8998.jpg\",\"width\":1365,\"height\":2048,\"caption\":\"emat-honey-sodapup\"},{\"@type\":\"WebPage\",\"@id\":\"https:\/\/symbioosi.fr\/index.php\/produit\/emat-honey-sodapup\/#webpage\",\"url\":\"https:\/\/symbioosi.fr\/index.php\/produit\/emat-honey-sodapup\/\",\"name\":\"Emat Honey - Sodapup - SYMBIOOSI\",\"isPartOf\":{\"@id\":\"https:\/\/symbioosi.fr\/#website\"},\"primaryImageOfPage\":{\"@id\":\"https:\/\/symbioosi.fr\/index.php\/produit\/emat-honey-sodapup\/#primaryimage\"},\"datePublished\":\"2021-04-05T17:09:14+00:00\",\"dateModified\":\"2022-05-10T18:35:44+00:00\",\"description\":\"L'Emat\\u00a0Honey de chez Sodapup\\u00a0est un tapis d\\u2019occupation et de stimulation mentale. Vous pouvez \\u00e9taler dessus toutes sortes de m\\u00e9langes.\",\"breadcrumb\":{\"@id\":\"https:\/\/symbioosi.fr\/index.php\/produit\/emat-honey-sodapup\/#breadcrumb\"},\"inLanguage\":\"fr-FR\",\"potentialAction\":[{\"@type\":\"ReadAction\",\"target\":[\"https:\/\/symbioosi.fr\/index.php\/produit\/emat-honey-sodapup\/\"]}]},{\"@type\":\"BreadcrumbList\",\"@id\":\"https:\/\/symbioosi.fr\/index.php\/produit\/emat-honey-sodapup\/#breadcrumb\",\"itemListElement\":[{\"@type\":\"ListItem\",\"position\":1,\"name\":\"Accueil\",\"item\":\"https:\/\/symbioosi.fr\/\"},{\"@type\":\"ListItem\",\"position\":2,\"name\":\"Boutique\",\"item\":\"https:\/\/symbioosi.fr\/index.php\/boutique\/\"},{\"@type\":\"ListItem\",\"position\":3,\"name\":\"Emat Honey &#8211; Sodapup\"}]}]}<\/script>\n<!-- \/ Yoast SEO plugin. -->","yoast_head_json":{"title":"Emat Honey - Sodapup - SYMBIOOSI","description":"L'Emat\u00a0Honey de chez Sodapup\u00a0est un tapis d\u2019occupation et de stimulation mentale. Vous pouvez \u00e9taler dessus toutes sortes de m\u00e9langes.","robots":{"index":"noindex","follow":"follow","max-snippet":"max-snippet:-1","max-image-preview":"max-image-preview:large","max-video-preview":"max-video-preview:-1"},"og_locale":"fr_FR","og_type":"article","og_title":"Emat Honey - Sodapup - SYMBIOOSI","og_description":"L'Emat\u00a0Honey de chez Sodapup\u00a0est un tapis d\u2019occupation et de stimulation mentale. Vous pouvez \u00e9taler dessus toutes sortes de m\u00e9langes.","og_url":"https:\/\/symbioosi.fr\/index.php\/produit\/emat-honey-sodapup\/","og_site_name":"SYMBIOOSI","article_modified_time":"2022-05-10T18:35:44+00:00","og_image":[{"width":1365,"height":2048,"url":"https:\/\/symbioosi.fr\/wp-content\/uploads\/2021\/04\/DSC8998.jpg","type":"image\/jpeg"}],"twitter_card":"summary_large_image","twitter_misc":{"Dur\u00e9e de lecture estim\u00e9e":"1 minute"},"schema":{"@context":"https:\/\/schema.org","@graph":[{"@type":["Person","Organization"],"@id":"https:\/\/symbioosi.fr\/#\/schema\/person\/dd144bbfb16d0edb6ddd70911df0f8d7","name":"Symbioosi","image":{"@type":"ImageObject","@id":"https:\/\/symbioosi.fr\/#personlogo","inLanguage":"fr-FR","url":"https:\/\/symbioosi.fr\/wp-content\/uploads\/2020\/04\/Sans-titre.png","contentUrl":"https:\/\/symbioosi.fr\/wp-content\/uploads\/2020\/04\/Sans-titre.png","width":500,"height":500,"caption":"Symbioosi"},"logo":{"@id":"https:\/\/symbioosi.fr\/#personlogo"},"sameAs":["https:\/\/www.instagram.com\/symbioosi_store\/"]},{"@type":"WebSite","@id":"https:\/\/symbioosi.fr\/#website","url":"https:\/\/symbioosi.fr\/","name":"SYMBIOOSI","description":"Produits naturels et de qualit\u00e9 pour chiens, chats, NAC...","publisher":{"@id":"https:\/\/symbioosi.fr\/#\/schema\/person\/dd144bbfb16d0edb6ddd70911df0f8d7"},"potentialAction":[{"@type":"SearchAction","target":{"@type":"EntryPoint","urlTemplate":"https:\/\/symbioosi.fr\/?s={search_term_string}"},"query-input":"required name=search_term_string"}],"inLanguage":"fr-FR"},{"@type":"ImageObject","@id":"https:\/\/symbioosi.fr\/index.php\/produit\/emat-honey-sodapup\/#primaryimage","inLanguage":"fr-FR","url":"https:\/\/symbioosi.fr\/wp-content\/uploads\/2021\/04\/DSC8998.jpg","contentUrl":"https:\/\/symbioosi.fr\/wp-content\/uploads\/2021\/04\/DSC8998.jpg","width":1365,"height":2048,"caption":"emat-honey-sodapup"},{"@type":"WebPage","@id":"https:\/\/symbioosi.fr\/index.php\/produit\/emat-honey-sodapup\/#webpage","url":"https:\/\/symbioosi.fr\/index.php\/produit\/emat-honey-sodapup\/","name":"Emat Honey - Sodapup - SYMBIOOSI","isPartOf":{"@id":"https:\/\/symbioosi.fr\/#website"},"primaryImageOfPage":{"@id":"https:\/\/symbioosi.fr\/index.php\/produit\/emat-honey-sodapup\/#primaryimage"},"datePublished":"2021-04-05T17:09:14+00:00","dateModified":"2022-05-10T18:35:44+00:00","description":"L'Emat\u00a0Honey de chez Sodapup\u00a0est un tapis d\u2019occupation et de stimulation mentale. Vous pouvez \u00e9taler dessus toutes sortes de m\u00e9langes.","breadcrumb":{"@id":"https:\/\/symbioosi.fr\/index.php\/produit\/emat-honey-sodapup\/#breadcrumb"},"inLanguage":"fr-FR","potentialAction":[{"@type":"ReadAction","target":["https:\/\/symbioosi.fr\/index.php\/produit\/emat-honey-sodapup\/"]}]},{"@type":"BreadcrumbList","@id":"https:\/\/symbioosi.fr\/index.php\/produit\/emat-honey-sodapup\/#breadcrumb","itemListElement":[{"@type":"ListItem","position":1,"name":"Accueil","item":"https:\/\/symbioosi.fr\/"},{"@type":"ListItem","position":2,"name":"Boutique","item":"https:\/\/symbioosi.fr\/index.php\/boutique\/"},{"@type":"ListItem","position":3,"name":"Emat Honey &#8211; Sodapup"}]}]}},"_links":{"self":[{"href":"https:\/\/symbioosi.fr\/index.php\/wp-json\/wp\/v2\/product\/3577"}],"collection":[{"href":"https:\/\/symbioosi.fr\/index.php\/wp-json\/wp\/v2\/product"}],"about":[{"href":"https:\/\/symbioosi.fr\/index.php\/wp-json\/wp\/v2\/types\/product"}],"replies":[{"embeddable":true,"href":"https:\/\/symbioosi.fr\/index.php\/wp-json\/wp\/v2\/comments?post=3577"}],"wp:featuredmedia":[{"embeddable":true,"href":"https:\/\/symbioosi.fr\/index.php\/wp-json\/wp\/v2\/media\/5523"}],"wp:attachment":[{"href":"https:\/\/symbioosi.fr\/index.php\/wp-json\/wp\/v2\/media?parent=3577"}],"wp:term":[{"taxonomy":"product_cat","embeddable":true,"href":"https:\/\/symbioosi.fr\/index.php\/wp-json\/wp\/v2\/product_cat?post=3577"},{"taxonomy":"product_tag","embeddable":true,"href":"https:\/\/symbioosi.fr\/index.php\/wp-json\/wp\/v2\/product_tag?post=3577"}],"curies":[{"name":"wp","href":"https:\/\/api.w.org\/{rel}","templated":true}]}}