{"id":3550,"date":"2021-04-04T17:11:14","date_gmt":"2021-04-04T15:11:14","guid":{"rendered":"https:\/\/symbioosi.fr\/?post_type=product&#038;p=3550"},"modified":"2022-05-10T20:25:12","modified_gmt":"2022-05-10T18:25:12","slug":"sabot-de-boeuf","status":"publish","type":"product","link":"https:\/\/symbioosi.fr\/index.php\/produit\/sabot-de-boeuf\/","title":{"rendered":"Sabot de b\u0153uf"},"content":{"rendered":"<p>Pauvres en mati\u00e8res grasses, les sabots de b\u0153uf sont une excellente occupation pour vos grands masticateurs. Ils sont \u00e9galement id\u00e9als pour les loulous qui ont besoin de d\u00e9charger en mastiquant.<\/p>\n<p>Ils peuvent \u00e9galement \u00eatre fourr\u00e9s pour encore plus de gourmandise !<\/p>\n<p>Attention \u00e0 bien retirer le bout du sabot \u00e0 la fin pour ne pas que le chien l\u2019avale.<\/p>\n<hr \/>\n<p><strong>Odeur :<\/strong> <strong>\u00a0<span style=\"color: #ff9900;\">\u2666\u2666\u2666\u2666<\/span><span style=\"color: #808080;\">\u2666<\/span><\/strong><\/p>\n<p><strong>Consistance :<span style=\"color: #ff9900;\"> \u2666\u2666\u2666\u2666\u2666<\/span><\/strong><\/p>\n<p><strong>Taille :<\/strong> <strong><span style=\"color: #ff9900;\">\u2666\u2666\u2666<\/span><span style=\"color: #808080;\">\u2666\u2666<\/span><\/strong><\/p>\n<p><strong>Pour qui :\u00a0<\/strong>Tous les chiens \u00e0 partir de 5 mois.<\/p>\n<p><strong>Composition : <\/strong>100% sabot<\/p>\n<p><em>Comme ce sont des produits naturels, leur taille et leur texture peuvent varier.<\/em><\/p>\n<hr \/>\n<h5><em>Cassez en petits morceaux pour les petits chiens. Surveillez votre chien lorsque vous lui donnez un produit \u00e0 m\u00e2cher ou une friandise. Enlevez les morceaux cass\u00e9s ou de petites tailles afin de pr\u00e9venir un risque d\u2019\u00e9touffement. Veillez \u00e0 ce qu\u2019il est \u00e0 disposition de l\u2019eau fra\u00eeche \u00e0 tout moment. Conserver dans une boite herm\u00e9tique maximum 6 mois, dans un endroit frais, propre et sec. Ce produit est une friandise et n\u2019est pas destin\u00e9 \u00e0 \u00eatre donn\u00e9 comme repas. Non destin\u00e9 \u00e0 une consommation humaine.<\/em><\/h5>\n","protected":false},"excerpt":{"rendered":"<h4 style=\"text-align: center;\"><span style=\"color: #a36a00;\"><strong>100% naturel \u2013 Sans conservateur, ni colorant artificiel \u2013\u00a0Id\u00e9al pour les grands masticateurs\u00a0<\/strong><\/span><\/h4>\n<p>&nbsp;<\/p>\n<p><strong><em>Vendus \u00e0 l\u2019unit\u00e9.\u00a0<\/em><\/strong><\/p>\n<p><strong>2 tailles \u00a0: M (-110g) et L (+110g)<\/strong><\/p>\n","protected":false},"featured_media":3551,"comment_status":"open","ping_status":"closed","template":"","meta":[],"product_cat":[319,238],"product_tag":[76],"yoast_head":"<!-- This site is optimized with the Yoast SEO plugin v17.3 - https:\/\/yoast.com\/wordpress\/plugins\/seo\/ -->\n<title>Sabot de b\u0153uf naturel \u00e0 m\u00e2cher pour chien - SYMBIOOSI<\/title>\n<meta name=\"robots\" content=\"noindex, follow, max-snippet:-1, max-image-preview:large, max-video-preview:-1\" \/>\n<meta property=\"og:locale\" content=\"fr_FR\" \/>\n<meta property=\"og:type\" content=\"article\" \/>\n<meta property=\"og:title\" content=\"Sabot de b\u0153uf naturel \u00e0 m\u00e2cher pour chien - SYMBIOOSI\" \/>\n<meta property=\"og:description\" content=\"100% naturel \u2013 Sans conservateur, ni colorant artificiel \u2013\u00a0Id\u00e9al pour les grands masticateurs\u00a0 &nbsp;  Vendus \u00e0 l\u2019unit\u00e9.\u00a0  2 tailles \u00a0: M (-110g) et L (+110g)\" \/>\n<meta property=\"og:url\" content=\"https:\/\/symbioosi.fr\/index.php\/produit\/sabot-de-boeuf\/\" \/>\n<meta property=\"og:site_name\" content=\"SYMBIOOSI\" \/>\n<meta property=\"article:modified_time\" content=\"2022-05-10T18:25:12+00:00\" \/>\n<meta property=\"og:image\" content=\"https:\/\/symbioosi.fr\/wp-content\/uploads\/2021\/04\/F2279F60-5628-4F4D-9F21-9E23EFCB9CD4.jpeg\" \/>\n\t<meta property=\"og:image:width\" content=\"1920\" \/>\n\t<meta property=\"og:image:height\" content=\"2560\" \/>\n<meta name=\"twitter:card\" content=\"summary_large_image\" \/>\n<meta name=\"twitter:label1\" content=\"Dur\u00e9e de lecture estim\u00e9e\" \/>\n\t<meta name=\"twitter:data1\" content=\"1 minute\" \/>\n<script type=\"application\/ld+json\" class=\"yoast-schema-graph\">{\"@context\":\"https:\/\/schema.org\",\"@graph\":[{\"@type\":[\"Person\",\"Organization\"],\"@id\":\"https:\/\/symbioosi.fr\/#\/schema\/person\/dd144bbfb16d0edb6ddd70911df0f8d7\",\"name\":\"Symbioosi\",\"image\":{\"@type\":\"ImageObject\",\"@id\":\"https:\/\/symbioosi.fr\/#personlogo\",\"inLanguage\":\"fr-FR\",\"url\":\"https:\/\/symbioosi.fr\/wp-content\/uploads\/2020\/04\/Sans-titre.png\",\"contentUrl\":\"https:\/\/symbioosi.fr\/wp-content\/uploads\/2020\/04\/Sans-titre.png\",\"width\":500,\"height\":500,\"caption\":\"Symbioosi\"},\"logo\":{\"@id\":\"https:\/\/symbioosi.fr\/#personlogo\"},\"sameAs\":[\"https:\/\/www.instagram.com\/symbioosi_store\/\"]},{\"@type\":\"WebSite\",\"@id\":\"https:\/\/symbioosi.fr\/#website\",\"url\":\"https:\/\/symbioosi.fr\/\",\"name\":\"SYMBIOOSI\",\"description\":\"Produits naturels et de qualit\\u00e9 pour chiens, chats, NAC...\",\"publisher\":{\"@id\":\"https:\/\/symbioosi.fr\/#\/schema\/person\/dd144bbfb16d0edb6ddd70911df0f8d7\"},\"potentialAction\":[{\"@type\":\"SearchAction\",\"target\":{\"@type\":\"EntryPoint\",\"urlTemplate\":\"https:\/\/symbioosi.fr\/?s={search_term_string}\"},\"query-input\":\"required name=search_term_string\"}],\"inLanguage\":\"fr-FR\"},{\"@type\":\"ImageObject\",\"@id\":\"https:\/\/symbioosi.fr\/index.php\/produit\/sabot-de-boeuf\/#primaryimage\",\"inLanguage\":\"fr-FR\",\"url\":\"https:\/\/symbioosi.fr\/wp-content\/uploads\/2021\/04\/F2279F60-5628-4F4D-9F21-9E23EFCB9CD4.jpeg\",\"contentUrl\":\"https:\/\/symbioosi.fr\/wp-content\/uploads\/2021\/04\/F2279F60-5628-4F4D-9F21-9E23EFCB9CD4.jpeg\",\"width\":1920,\"height\":2560},{\"@type\":\"WebPage\",\"@id\":\"https:\/\/symbioosi.fr\/index.php\/produit\/sabot-de-boeuf\/#webpage\",\"url\":\"https:\/\/symbioosi.fr\/index.php\/produit\/sabot-de-boeuf\/\",\"name\":\"Sabot de b\\u0153uf naturel \\u00e0 m\\u00e2cher pour chien - SYMBIOOSI\",\"isPartOf\":{\"@id\":\"https:\/\/symbioosi.fr\/#website\"},\"primaryImageOfPage\":{\"@id\":\"https:\/\/symbioosi.fr\/index.php\/produit\/sabot-de-boeuf\/#primaryimage\"},\"datePublished\":\"2021-04-04T15:11:14+00:00\",\"dateModified\":\"2022-05-10T18:25:12+00:00\",\"breadcrumb\":{\"@id\":\"https:\/\/symbioosi.fr\/index.php\/produit\/sabot-de-boeuf\/#breadcrumb\"},\"inLanguage\":\"fr-FR\",\"potentialAction\":[{\"@type\":\"ReadAction\",\"target\":[\"https:\/\/symbioosi.fr\/index.php\/produit\/sabot-de-boeuf\/\"]}]},{\"@type\":\"BreadcrumbList\",\"@id\":\"https:\/\/symbioosi.fr\/index.php\/produit\/sabot-de-boeuf\/#breadcrumb\",\"itemListElement\":[{\"@type\":\"ListItem\",\"position\":1,\"name\":\"Accueil\",\"item\":\"https:\/\/symbioosi.fr\/\"},{\"@type\":\"ListItem\",\"position\":2,\"name\":\"Boutique\",\"item\":\"https:\/\/symbioosi.fr\/index.php\/boutique\/\"},{\"@type\":\"ListItem\",\"position\":3,\"name\":\"Sabot de b\\u0153uf\"}]}]}<\/script>\n<!-- \/ Yoast SEO plugin. -->","yoast_head_json":{"title":"Sabot de b\u0153uf naturel \u00e0 m\u00e2cher pour chien - SYMBIOOSI","robots":{"index":"noindex","follow":"follow","max-snippet":"max-snippet:-1","max-image-preview":"max-image-preview:large","max-video-preview":"max-video-preview:-1"},"og_locale":"fr_FR","og_type":"article","og_title":"Sabot de b\u0153uf naturel \u00e0 m\u00e2cher pour chien - SYMBIOOSI","og_description":"100% naturel \u2013 Sans conservateur, ni colorant artificiel \u2013\u00a0Id\u00e9al pour les grands masticateurs\u00a0 &nbsp;  Vendus \u00e0 l\u2019unit\u00e9.\u00a0  2 tailles \u00a0: M (-110g) et L (+110g)","og_url":"https:\/\/symbioosi.fr\/index.php\/produit\/sabot-de-boeuf\/","og_site_name":"SYMBIOOSI","article_modified_time":"2022-05-10T18:25:12+00:00","og_image":[{"width":1920,"height":2560,"url":"https:\/\/symbioosi.fr\/wp-content\/uploads\/2021\/04\/F2279F60-5628-4F4D-9F21-9E23EFCB9CD4.jpeg","type":"image\/jpeg"}],"twitter_card":"summary_large_image","twitter_misc":{"Dur\u00e9e de lecture estim\u00e9e":"1 minute"},"schema":{"@context":"https:\/\/schema.org","@graph":[{"@type":["Person","Organization"],"@id":"https:\/\/symbioosi.fr\/#\/schema\/person\/dd144bbfb16d0edb6ddd70911df0f8d7","name":"Symbioosi","image":{"@type":"ImageObject","@id":"https:\/\/symbioosi.fr\/#personlogo","inLanguage":"fr-FR","url":"https:\/\/symbioosi.fr\/wp-content\/uploads\/2020\/04\/Sans-titre.png","contentUrl":"https:\/\/symbioosi.fr\/wp-content\/uploads\/2020\/04\/Sans-titre.png","width":500,"height":500,"caption":"Symbioosi"},"logo":{"@id":"https:\/\/symbioosi.fr\/#personlogo"},"sameAs":["https:\/\/www.instagram.com\/symbioosi_store\/"]},{"@type":"WebSite","@id":"https:\/\/symbioosi.fr\/#website","url":"https:\/\/symbioosi.fr\/","name":"SYMBIOOSI","description":"Produits naturels et de qualit\u00e9 pour chiens, chats, NAC...","publisher":{"@id":"https:\/\/symbioosi.fr\/#\/schema\/person\/dd144bbfb16d0edb6ddd70911df0f8d7"},"potentialAction":[{"@type":"SearchAction","target":{"@type":"EntryPoint","urlTemplate":"https:\/\/symbioosi.fr\/?s={search_term_string}"},"query-input":"required name=search_term_string"}],"inLanguage":"fr-FR"},{"@type":"ImageObject","@id":"https:\/\/symbioosi.fr\/index.php\/produit\/sabot-de-boeuf\/#primaryimage","inLanguage":"fr-FR","url":"https:\/\/symbioosi.fr\/wp-content\/uploads\/2021\/04\/F2279F60-5628-4F4D-9F21-9E23EFCB9CD4.jpeg","contentUrl":"https:\/\/symbioosi.fr\/wp-content\/uploads\/2021\/04\/F2279F60-5628-4F4D-9F21-9E23EFCB9CD4.jpeg","width":1920,"height":2560},{"@type":"WebPage","@id":"https:\/\/symbioosi.fr\/index.php\/produit\/sabot-de-boeuf\/#webpage","url":"https:\/\/symbioosi.fr\/index.php\/produit\/sabot-de-boeuf\/","name":"Sabot de b\u0153uf naturel \u00e0 m\u00e2cher pour chien - SYMBIOOSI","isPartOf":{"@id":"https:\/\/symbioosi.fr\/#website"},"primaryImageOfPage":{"@id":"https:\/\/symbioosi.fr\/index.php\/produit\/sabot-de-boeuf\/#primaryimage"},"datePublished":"2021-04-04T15:11:14+00:00","dateModified":"2022-05-10T18:25:12+00:00","breadcrumb":{"@id":"https:\/\/symbioosi.fr\/index.php\/produit\/sabot-de-boeuf\/#breadcrumb"},"inLanguage":"fr-FR","potentialAction":[{"@type":"ReadAction","target":["https:\/\/symbioosi.fr\/index.php\/produit\/sabot-de-boeuf\/"]}]},{"@type":"BreadcrumbList","@id":"https:\/\/symbioosi.fr\/index.php\/produit\/sabot-de-boeuf\/#breadcrumb","itemListElement":[{"@type":"ListItem","position":1,"name":"Accueil","item":"https:\/\/symbioosi.fr\/"},{"@type":"ListItem","position":2,"name":"Boutique","item":"https:\/\/symbioosi.fr\/index.php\/boutique\/"},{"@type":"ListItem","position":3,"name":"Sabot de b\u0153uf"}]}]}},"_links":{"self":[{"href":"https:\/\/symbioosi.fr\/index.php\/wp-json\/wp\/v2\/product\/3550"}],"collection":[{"href":"https:\/\/symbioosi.fr\/index.php\/wp-json\/wp\/v2\/product"}],"about":[{"href":"https:\/\/symbioosi.fr\/index.php\/wp-json\/wp\/v2\/types\/product"}],"replies":[{"embeddable":true,"href":"https:\/\/symbioosi.fr\/index.php\/wp-json\/wp\/v2\/comments?post=3550"}],"wp:featuredmedia":[{"embeddable":true,"href":"https:\/\/symbioosi.fr\/index.php\/wp-json\/wp\/v2\/media\/3551"}],"wp:attachment":[{"href":"https:\/\/symbioosi.fr\/index.php\/wp-json\/wp\/v2\/media?parent=3550"}],"wp:term":[{"taxonomy":"product_cat","embeddable":true,"href":"https:\/\/symbioosi.fr\/index.php\/wp-json\/wp\/v2\/product_cat?post=3550"},{"taxonomy":"product_tag","embeddable":true,"href":"https:\/\/symbioosi.fr\/index.php\/wp-json\/wp\/v2\/product_tag?post=3550"}],"curies":[{"name":"wp","href":"https:\/\/api.w.org\/{rel}","templated":true}]}}