{"id":2831,"date":"2021-02-10T18:09:57","date_gmt":"2021-02-10T17:09:57","guid":{"rendered":"https:\/\/symbioosi.fr\/?post_type=product&#038;p=2831"},"modified":"2022-05-10T20:40:45","modified_gmt":"2022-05-10T18:40:45","slug":"lotion-repulsive-tiques-puces-les-recettes-de-daniel","status":"publish","type":"product","link":"https:\/\/symbioosi.fr\/index.php\/produit\/lotion-repulsive-tiques-puces-les-recettes-de-daniel\/","title":{"rendered":"Lotion r\u00e9pulsive (Tiques\/Puces) &#8211; Les recettes de Daniel"},"content":{"rendered":"<p>La <strong>lotion r\u00e9pulsive<\/strong>, est un r\u00e9pulsif de puces et de tiques sp\u00e9cialement formul\u00e9e pour les <strong>chiens, chats et furets.<\/strong><\/p>\n<p>Elle ne contient pas de pyr\u00e8thre naturel ou chimique.<\/p>\n<p>Cette lotion anti-tique et puce n&#8217;a pas une odeur d\u00e9sagr\u00e9able et ne contient pas de mol\u00e9cule active chimique : \u00a0elles sont exclusivement d\u2019origine naturelle et pr\u00e9servent ainsi l\u2019environnement.<\/p>\n<p><strong><span style=\"color: #bf7c38;\">Composition :<\/span> <\/strong>Extraits de g\u00e9ranium, extrait de noyer, huiles essentielles de lavandin, lavande, eucalyptus, g\u00e9ranium.<\/p>\n<p><span style=\"color: #bf7c38;\"><strong>Utilisation : <\/strong><\/span><\/p>\n<ul>\n<li>Pulv\u00e9riser r\u00e9guli\u00e8rement avant chaque balade en nature.<\/li>\n<li>Vaporiser \u00e9galement l&#8217;habitat de votre animal.<\/li>\n<li>A renouveler plus fr\u00e9quemment lors de contamination<\/li>\n<\/ul>\n","protected":false},"excerpt":{"rendered":"<h4 style=\"text-align: center;\"><strong><span style=\"color: #bf7c38;\">R\u00e9pulsif anti-tique et anti-puce naturel &#8211; Pas de pyr\u00e8thre &#8211; Animal et environnement<\/span><\/strong><\/h4>\n","protected":false},"featured_media":2832,"comment_status":"open","ping_status":"closed","template":"","meta":[],"product_cat":[246,248,320],"product_tag":[],"yoast_head":"<!-- This site is optimized with the Yoast SEO plugin v17.3 - https:\/\/yoast.com\/wordpress\/plugins\/seo\/ -->\n<title>Lotion r\u00e9pulsive (Tiques\/Puces) - Les recettes de Daniel - SYMBIOOSI<\/title>\n<meta name=\"robots\" content=\"noindex, follow, max-snippet:-1, max-image-preview:large, max-video-preview:-1\" \/>\n<meta property=\"og:locale\" content=\"fr_FR\" \/>\n<meta property=\"og:type\" content=\"article\" \/>\n<meta property=\"og:title\" content=\"Lotion r\u00e9pulsive (Tiques\/Puces) - Les recettes de Daniel - SYMBIOOSI\" \/>\n<meta property=\"og:description\" content=\"R\u00e9pulsif anti-tique et anti-puce naturel - Pas de pyr\u00e8thre - Animal et environnement\" \/>\n<meta property=\"og:url\" content=\"https:\/\/symbioosi.fr\/index.php\/produit\/lotion-repulsive-tiques-puces-les-recettes-de-daniel\/\" \/>\n<meta property=\"og:site_name\" content=\"SYMBIOOSI\" \/>\n<meta property=\"article:modified_time\" content=\"2022-05-10T18:40:45+00:00\" \/>\n<meta property=\"og:image\" content=\"https:\/\/symbioosi.fr\/wp-content\/uploads\/2021\/02\/IMG_7395-scaled.jpg\" \/>\n\t<meta property=\"og:image:width\" content=\"1920\" \/>\n\t<meta property=\"og:image:height\" content=\"2560\" \/>\n<meta name=\"twitter:card\" content=\"summary_large_image\" \/>\n<meta name=\"twitter:label1\" content=\"Dur\u00e9e de lecture estim\u00e9e\" \/>\n\t<meta name=\"twitter:data1\" content=\"1 minute\" \/>\n<script type=\"application\/ld+json\" class=\"yoast-schema-graph\">{\"@context\":\"https:\/\/schema.org\",\"@graph\":[{\"@type\":[\"Person\",\"Organization\"],\"@id\":\"https:\/\/symbioosi.fr\/#\/schema\/person\/dd144bbfb16d0edb6ddd70911df0f8d7\",\"name\":\"Symbioosi\",\"image\":{\"@type\":\"ImageObject\",\"@id\":\"https:\/\/symbioosi.fr\/#personlogo\",\"inLanguage\":\"fr-FR\",\"url\":\"https:\/\/symbioosi.fr\/wp-content\/uploads\/2020\/04\/Sans-titre.png\",\"contentUrl\":\"https:\/\/symbioosi.fr\/wp-content\/uploads\/2020\/04\/Sans-titre.png\",\"width\":500,\"height\":500,\"caption\":\"Symbioosi\"},\"logo\":{\"@id\":\"https:\/\/symbioosi.fr\/#personlogo\"},\"sameAs\":[\"https:\/\/www.instagram.com\/symbioosi_store\/\"]},{\"@type\":\"WebSite\",\"@id\":\"https:\/\/symbioosi.fr\/#website\",\"url\":\"https:\/\/symbioosi.fr\/\",\"name\":\"SYMBIOOSI\",\"description\":\"Produits naturels et de qualit\\u00e9 pour chiens, chats, NAC...\",\"publisher\":{\"@id\":\"https:\/\/symbioosi.fr\/#\/schema\/person\/dd144bbfb16d0edb6ddd70911df0f8d7\"},\"potentialAction\":[{\"@type\":\"SearchAction\",\"target\":{\"@type\":\"EntryPoint\",\"urlTemplate\":\"https:\/\/symbioosi.fr\/?s={search_term_string}\"},\"query-input\":\"required name=search_term_string\"}],\"inLanguage\":\"fr-FR\"},{\"@type\":\"ImageObject\",\"@id\":\"https:\/\/symbioosi.fr\/index.php\/produit\/lotion-repulsive-tiques-puces-les-recettes-de-daniel\/#primaryimage\",\"inLanguage\":\"fr-FR\",\"url\":\"https:\/\/symbioosi.fr\/wp-content\/uploads\/2021\/02\/IMG_7395-scaled.jpg\",\"contentUrl\":\"https:\/\/symbioosi.fr\/wp-content\/uploads\/2021\/02\/IMG_7395-scaled.jpg\",\"width\":1920,\"height\":2560},{\"@type\":\"WebPage\",\"@id\":\"https:\/\/symbioosi.fr\/index.php\/produit\/lotion-repulsive-tiques-puces-les-recettes-de-daniel\/#webpage\",\"url\":\"https:\/\/symbioosi.fr\/index.php\/produit\/lotion-repulsive-tiques-puces-les-recettes-de-daniel\/\",\"name\":\"Lotion r\\u00e9pulsive (Tiques\/Puces) - Les recettes de Daniel - SYMBIOOSI\",\"isPartOf\":{\"@id\":\"https:\/\/symbioosi.fr\/#website\"},\"primaryImageOfPage\":{\"@id\":\"https:\/\/symbioosi.fr\/index.php\/produit\/lotion-repulsive-tiques-puces-les-recettes-de-daniel\/#primaryimage\"},\"datePublished\":\"2021-02-10T17:09:57+00:00\",\"dateModified\":\"2022-05-10T18:40:45+00:00\",\"breadcrumb\":{\"@id\":\"https:\/\/symbioosi.fr\/index.php\/produit\/lotion-repulsive-tiques-puces-les-recettes-de-daniel\/#breadcrumb\"},\"inLanguage\":\"fr-FR\",\"potentialAction\":[{\"@type\":\"ReadAction\",\"target\":[\"https:\/\/symbioosi.fr\/index.php\/produit\/lotion-repulsive-tiques-puces-les-recettes-de-daniel\/\"]}]},{\"@type\":\"BreadcrumbList\",\"@id\":\"https:\/\/symbioosi.fr\/index.php\/produit\/lotion-repulsive-tiques-puces-les-recettes-de-daniel\/#breadcrumb\",\"itemListElement\":[{\"@type\":\"ListItem\",\"position\":1,\"name\":\"Accueil\",\"item\":\"https:\/\/symbioosi.fr\/\"},{\"@type\":\"ListItem\",\"position\":2,\"name\":\"Boutique\",\"item\":\"https:\/\/symbioosi.fr\/index.php\/boutique\/\"},{\"@type\":\"ListItem\",\"position\":3,\"name\":\"Lotion r\\u00e9pulsive (Tiques\/Puces) &#8211; Les recettes de Daniel\"}]}]}<\/script>\n<!-- \/ Yoast SEO plugin. -->","yoast_head_json":{"title":"Lotion r\u00e9pulsive (Tiques\/Puces) - Les recettes de Daniel - SYMBIOOSI","robots":{"index":"noindex","follow":"follow","max-snippet":"max-snippet:-1","max-image-preview":"max-image-preview:large","max-video-preview":"max-video-preview:-1"},"og_locale":"fr_FR","og_type":"article","og_title":"Lotion r\u00e9pulsive (Tiques\/Puces) - Les recettes de Daniel - SYMBIOOSI","og_description":"R\u00e9pulsif anti-tique et anti-puce naturel - Pas de pyr\u00e8thre - Animal et environnement","og_url":"https:\/\/symbioosi.fr\/index.php\/produit\/lotion-repulsive-tiques-puces-les-recettes-de-daniel\/","og_site_name":"SYMBIOOSI","article_modified_time":"2022-05-10T18:40:45+00:00","og_image":[{"width":1920,"height":2560,"url":"https:\/\/symbioosi.fr\/wp-content\/uploads\/2021\/02\/IMG_7395-scaled.jpg","type":"image\/jpeg"}],"twitter_card":"summary_large_image","twitter_misc":{"Dur\u00e9e de lecture estim\u00e9e":"1 minute"},"schema":{"@context":"https:\/\/schema.org","@graph":[{"@type":["Person","Organization"],"@id":"https:\/\/symbioosi.fr\/#\/schema\/person\/dd144bbfb16d0edb6ddd70911df0f8d7","name":"Symbioosi","image":{"@type":"ImageObject","@id":"https:\/\/symbioosi.fr\/#personlogo","inLanguage":"fr-FR","url":"https:\/\/symbioosi.fr\/wp-content\/uploads\/2020\/04\/Sans-titre.png","contentUrl":"https:\/\/symbioosi.fr\/wp-content\/uploads\/2020\/04\/Sans-titre.png","width":500,"height":500,"caption":"Symbioosi"},"logo":{"@id":"https:\/\/symbioosi.fr\/#personlogo"},"sameAs":["https:\/\/www.instagram.com\/symbioosi_store\/"]},{"@type":"WebSite","@id":"https:\/\/symbioosi.fr\/#website","url":"https:\/\/symbioosi.fr\/","name":"SYMBIOOSI","description":"Produits naturels et de qualit\u00e9 pour chiens, chats, NAC...","publisher":{"@id":"https:\/\/symbioosi.fr\/#\/schema\/person\/dd144bbfb16d0edb6ddd70911df0f8d7"},"potentialAction":[{"@type":"SearchAction","target":{"@type":"EntryPoint","urlTemplate":"https:\/\/symbioosi.fr\/?s={search_term_string}"},"query-input":"required name=search_term_string"}],"inLanguage":"fr-FR"},{"@type":"ImageObject","@id":"https:\/\/symbioosi.fr\/index.php\/produit\/lotion-repulsive-tiques-puces-les-recettes-de-daniel\/#primaryimage","inLanguage":"fr-FR","url":"https:\/\/symbioosi.fr\/wp-content\/uploads\/2021\/02\/IMG_7395-scaled.jpg","contentUrl":"https:\/\/symbioosi.fr\/wp-content\/uploads\/2021\/02\/IMG_7395-scaled.jpg","width":1920,"height":2560},{"@type":"WebPage","@id":"https:\/\/symbioosi.fr\/index.php\/produit\/lotion-repulsive-tiques-puces-les-recettes-de-daniel\/#webpage","url":"https:\/\/symbioosi.fr\/index.php\/produit\/lotion-repulsive-tiques-puces-les-recettes-de-daniel\/","name":"Lotion r\u00e9pulsive (Tiques\/Puces) - Les recettes de Daniel - SYMBIOOSI","isPartOf":{"@id":"https:\/\/symbioosi.fr\/#website"},"primaryImageOfPage":{"@id":"https:\/\/symbioosi.fr\/index.php\/produit\/lotion-repulsive-tiques-puces-les-recettes-de-daniel\/#primaryimage"},"datePublished":"2021-02-10T17:09:57+00:00","dateModified":"2022-05-10T18:40:45+00:00","breadcrumb":{"@id":"https:\/\/symbioosi.fr\/index.php\/produit\/lotion-repulsive-tiques-puces-les-recettes-de-daniel\/#breadcrumb"},"inLanguage":"fr-FR","potentialAction":[{"@type":"ReadAction","target":["https:\/\/symbioosi.fr\/index.php\/produit\/lotion-repulsive-tiques-puces-les-recettes-de-daniel\/"]}]},{"@type":"BreadcrumbList","@id":"https:\/\/symbioosi.fr\/index.php\/produit\/lotion-repulsive-tiques-puces-les-recettes-de-daniel\/#breadcrumb","itemListElement":[{"@type":"ListItem","position":1,"name":"Accueil","item":"https:\/\/symbioosi.fr\/"},{"@type":"ListItem","position":2,"name":"Boutique","item":"https:\/\/symbioosi.fr\/index.php\/boutique\/"},{"@type":"ListItem","position":3,"name":"Lotion r\u00e9pulsive (Tiques\/Puces) &#8211; Les recettes de Daniel"}]}]}},"_links":{"self":[{"href":"https:\/\/symbioosi.fr\/index.php\/wp-json\/wp\/v2\/product\/2831"}],"collection":[{"href":"https:\/\/symbioosi.fr\/index.php\/wp-json\/wp\/v2\/product"}],"about":[{"href":"https:\/\/symbioosi.fr\/index.php\/wp-json\/wp\/v2\/types\/product"}],"replies":[{"embeddable":true,"href":"https:\/\/symbioosi.fr\/index.php\/wp-json\/wp\/v2\/comments?post=2831"}],"wp:featuredmedia":[{"embeddable":true,"href":"https:\/\/symbioosi.fr\/index.php\/wp-json\/wp\/v2\/media\/2832"}],"wp:attachment":[{"href":"https:\/\/symbioosi.fr\/index.php\/wp-json\/wp\/v2\/media?parent=2831"}],"wp:term":[{"taxonomy":"product_cat","embeddable":true,"href":"https:\/\/symbioosi.fr\/index.php\/wp-json\/wp\/v2\/product_cat?post=2831"},{"taxonomy":"product_tag","embeddable":true,"href":"https:\/\/symbioosi.fr\/index.php\/wp-json\/wp\/v2\/product_tag?post=2831"}],"curies":[{"name":"wp","href":"https:\/\/api.w.org\/{rel}","templated":true}]}}