{"id":2272,"date":"2020-12-06T10:51:23","date_gmt":"2020-12-06T09:51:23","guid":{"rendered":"https:\/\/symbioosi.fr\/?post_type=product&#038;p=2272"},"modified":"2022-05-10T20:41:04","modified_gmt":"2022-05-10T18:41:04","slug":"argent-colloidal-les-recettes-de-daniel","status":"publish","type":"product","link":"https:\/\/symbioosi.fr\/index.php\/produit\/argent-colloidal-les-recettes-de-daniel\/","title":{"rendered":"Argent collo\u00efdal &#8211; Les recettes de Daniel"},"content":{"rendered":"<p>L\u2019argent collo\u00efdal est une solution liquide \u00e0 base d\u2019eau. La pr\u00e9paration se pr\u00e9sente sous forme de suspension avec des particules ayant une dimension de quelques nanom\u00e8tres.<\/p>\n<p dir=\"ltr\">Le collo\u00efde \u00e9tant le liquide (dans notre cas l\u2019eau), il sert de liant dans lequel sont dispers\u00e9es de microscopiques particules d\u2019argent. Les bienfaits de l\u2019argent collo\u00efdal pour chien sont nombreux :<\/p>\n<ul>\n<li>Pr\u00e9serve et renforce les d\u00e9fenses naturelles.<\/li>\n<li>Apaise et att\u00e9nue br\u00fblures et autre rougeurs.<\/li>\n<li>Stimule la cicatrisation et assainit la peau\u2026<\/li>\n<\/ul>\n<p><span style=\"color: #bf7c39;\"><b>Composition :\u00a0<\/b><\/span>Eau purifi\u00e9e distill\u00e9e, Argent collo\u00efdal 10 PPM,\u00a0Fabrication par \u00e9lectrolyse (PPM = milligramme par litre)<\/p>\n<p><span style=\"color: #bf7c39;\"><strong>Utilisation :\u00a0<\/strong><\/span>Imbiber une compresse et appliquer sur les zones concern\u00e9es. D\u00e9poser quelques gouttes sur la peau ou sous un pansement, utilisable en vaporisation ou cataplasme.<\/p>\n<p><strong><span style=\"color: #bf7c39;\">Recommandations : <\/span><\/strong><\/p>\n<ul>\n<li>A conserver \u00e0 l&#8217;abri de la lumi\u00e8re dans un endroit sec et temp\u00e9r\u00e9,<\/li>\n<li>Eviter le contact prolong\u00e9 avec les objets m\u00e9talliques.<\/li>\n<li>Usage externe uniquement<\/li>\n<\/ul>\n<p>&nbsp;<\/p>\n<blockquote><p><em>En cas de doute n&#8217;h\u00e9sitez pas \u00e0 demander l&#8217;avis de votre v\u00e9t\u00e9rinaire.\u00a0<\/em><\/p><\/blockquote>\n","protected":false},"excerpt":{"rendered":"<h4 style=\"text-align: center;\"><span style=\"color: #bf7c39;\"><strong>Pr\u00e9serve et renforce les d\u00e9fenses naturelles \u00a0&#8211;\u00a0<\/strong><strong>Stimule la cicatrisation \u00a0&#8211;\u00a0<\/strong><strong>Assainit la peau<\/strong><\/span><\/h4>\n","protected":false},"featured_media":2341,"comment_status":"open","ping_status":"closed","template":"","meta":[],"product_cat":[263,264,42,320],"product_tag":[],"yoast_head":"<!-- This site is optimized with the Yoast SEO plugin v17.3 - https:\/\/yoast.com\/wordpress\/plugins\/seo\/ -->\n<title>Argent collo\u00efdal - Les recettes de Daniel - SYMBIOOSI<\/title>\n<meta name=\"description\" content=\"L\u2019argent collo\u00efdal pour chien pr\u00e9serve et renforce les d\u00e9fenses naturelles, apaise et et stimule la cicatrisation en assainissant la peau.\" \/>\n<meta name=\"robots\" content=\"noindex, follow, max-snippet:-1, max-image-preview:large, max-video-preview:-1\" \/>\n<meta property=\"og:locale\" content=\"fr_FR\" \/>\n<meta property=\"og:type\" content=\"article\" \/>\n<meta property=\"og:title\" content=\"Argent collo\u00efdal - Les recettes de Daniel - SYMBIOOSI\" \/>\n<meta property=\"og:description\" content=\"L\u2019argent collo\u00efdal pour chien pr\u00e9serve et renforce les d\u00e9fenses naturelles, apaise et et stimule la cicatrisation en assainissant la peau.\" \/>\n<meta property=\"og:url\" content=\"https:\/\/symbioosi.fr\/index.php\/produit\/argent-colloidal-les-recettes-de-daniel\/\" \/>\n<meta property=\"og:site_name\" content=\"SYMBIOOSI\" \/>\n<meta property=\"article:modified_time\" content=\"2022-05-10T18:41:04+00:00\" \/>\n<meta property=\"og:image\" content=\"https:\/\/symbioosi.fr\/wp-content\/uploads\/2020\/12\/argent-colloidal-scaled-e1607532585306.jpg\" \/>\n\t<meta property=\"og:image:width\" content=\"1920\" \/>\n\t<meta property=\"og:image:height\" content=\"2109\" \/>\n<meta name=\"twitter:card\" content=\"summary_large_image\" \/>\n<meta name=\"twitter:label1\" content=\"Dur\u00e9e de lecture estim\u00e9e\" \/>\n\t<meta name=\"twitter:data1\" content=\"1 minute\" \/>\n<script type=\"application\/ld+json\" class=\"yoast-schema-graph\">{\"@context\":\"https:\/\/schema.org\",\"@graph\":[{\"@type\":[\"Person\",\"Organization\"],\"@id\":\"https:\/\/symbioosi.fr\/#\/schema\/person\/dd144bbfb16d0edb6ddd70911df0f8d7\",\"name\":\"Symbioosi\",\"image\":{\"@type\":\"ImageObject\",\"@id\":\"https:\/\/symbioosi.fr\/#personlogo\",\"inLanguage\":\"fr-FR\",\"url\":\"https:\/\/symbioosi.fr\/wp-content\/uploads\/2020\/04\/Sans-titre.png\",\"contentUrl\":\"https:\/\/symbioosi.fr\/wp-content\/uploads\/2020\/04\/Sans-titre.png\",\"width\":500,\"height\":500,\"caption\":\"Symbioosi\"},\"logo\":{\"@id\":\"https:\/\/symbioosi.fr\/#personlogo\"},\"sameAs\":[\"https:\/\/www.instagram.com\/symbioosi_store\/\"]},{\"@type\":\"WebSite\",\"@id\":\"https:\/\/symbioosi.fr\/#website\",\"url\":\"https:\/\/symbioosi.fr\/\",\"name\":\"SYMBIOOSI\",\"description\":\"Produits naturels et de qualit\\u00e9 pour chiens, chats, NAC...\",\"publisher\":{\"@id\":\"https:\/\/symbioosi.fr\/#\/schema\/person\/dd144bbfb16d0edb6ddd70911df0f8d7\"},\"potentialAction\":[{\"@type\":\"SearchAction\",\"target\":{\"@type\":\"EntryPoint\",\"urlTemplate\":\"https:\/\/symbioosi.fr\/?s={search_term_string}\"},\"query-input\":\"required name=search_term_string\"}],\"inLanguage\":\"fr-FR\"},{\"@type\":\"ImageObject\",\"@id\":\"https:\/\/symbioosi.fr\/index.php\/produit\/argent-colloidal-les-recettes-de-daniel\/#primaryimage\",\"inLanguage\":\"fr-FR\",\"url\":\"https:\/\/symbioosi.fr\/wp-content\/uploads\/2020\/12\/argent-colloidal-scaled-e1607532585306.jpg\",\"contentUrl\":\"https:\/\/symbioosi.fr\/wp-content\/uploads\/2020\/12\/argent-colloidal-scaled-e1607532585306.jpg\",\"width\":1920,\"height\":2109,\"caption\":\"argent-colloidal\"},{\"@type\":\"WebPage\",\"@id\":\"https:\/\/symbioosi.fr\/index.php\/produit\/argent-colloidal-les-recettes-de-daniel\/#webpage\",\"url\":\"https:\/\/symbioosi.fr\/index.php\/produit\/argent-colloidal-les-recettes-de-daniel\/\",\"name\":\"Argent collo\\u00efdal - Les recettes de Daniel - SYMBIOOSI\",\"isPartOf\":{\"@id\":\"https:\/\/symbioosi.fr\/#website\"},\"primaryImageOfPage\":{\"@id\":\"https:\/\/symbioosi.fr\/index.php\/produit\/argent-colloidal-les-recettes-de-daniel\/#primaryimage\"},\"datePublished\":\"2020-12-06T09:51:23+00:00\",\"dateModified\":\"2022-05-10T18:41:04+00:00\",\"description\":\"L\\u2019argent collo\\u00efdal pour chien pr\\u00e9serve et renforce les d\\u00e9fenses naturelles, apaise et et stimule la cicatrisation en assainissant la peau.\",\"breadcrumb\":{\"@id\":\"https:\/\/symbioosi.fr\/index.php\/produit\/argent-colloidal-les-recettes-de-daniel\/#breadcrumb\"},\"inLanguage\":\"fr-FR\",\"potentialAction\":[{\"@type\":\"ReadAction\",\"target\":[\"https:\/\/symbioosi.fr\/index.php\/produit\/argent-colloidal-les-recettes-de-daniel\/\"]}]},{\"@type\":\"BreadcrumbList\",\"@id\":\"https:\/\/symbioosi.fr\/index.php\/produit\/argent-colloidal-les-recettes-de-daniel\/#breadcrumb\",\"itemListElement\":[{\"@type\":\"ListItem\",\"position\":1,\"name\":\"Accueil\",\"item\":\"https:\/\/symbioosi.fr\/\"},{\"@type\":\"ListItem\",\"position\":2,\"name\":\"Boutique\",\"item\":\"https:\/\/symbioosi.fr\/index.php\/boutique\/\"},{\"@type\":\"ListItem\",\"position\":3,\"name\":\"Argent collo\\u00efdal &#8211; Les recettes de Daniel\"}]}]}<\/script>\n<!-- \/ Yoast SEO plugin. -->","yoast_head_json":{"title":"Argent collo\u00efdal - Les recettes de Daniel - SYMBIOOSI","description":"L\u2019argent collo\u00efdal pour chien pr\u00e9serve et renforce les d\u00e9fenses naturelles, apaise et et stimule la cicatrisation en assainissant la peau.","robots":{"index":"noindex","follow":"follow","max-snippet":"max-snippet:-1","max-image-preview":"max-image-preview:large","max-video-preview":"max-video-preview:-1"},"og_locale":"fr_FR","og_type":"article","og_title":"Argent collo\u00efdal - Les recettes de Daniel - SYMBIOOSI","og_description":"L\u2019argent collo\u00efdal pour chien pr\u00e9serve et renforce les d\u00e9fenses naturelles, apaise et et stimule la cicatrisation en assainissant la peau.","og_url":"https:\/\/symbioosi.fr\/index.php\/produit\/argent-colloidal-les-recettes-de-daniel\/","og_site_name":"SYMBIOOSI","article_modified_time":"2022-05-10T18:41:04+00:00","og_image":[{"width":1920,"height":2109,"url":"https:\/\/symbioosi.fr\/wp-content\/uploads\/2020\/12\/argent-colloidal-scaled-e1607532585306.jpg","type":"image\/jpeg"}],"twitter_card":"summary_large_image","twitter_misc":{"Dur\u00e9e de lecture estim\u00e9e":"1 minute"},"schema":{"@context":"https:\/\/schema.org","@graph":[{"@type":["Person","Organization"],"@id":"https:\/\/symbioosi.fr\/#\/schema\/person\/dd144bbfb16d0edb6ddd70911df0f8d7","name":"Symbioosi","image":{"@type":"ImageObject","@id":"https:\/\/symbioosi.fr\/#personlogo","inLanguage":"fr-FR","url":"https:\/\/symbioosi.fr\/wp-content\/uploads\/2020\/04\/Sans-titre.png","contentUrl":"https:\/\/symbioosi.fr\/wp-content\/uploads\/2020\/04\/Sans-titre.png","width":500,"height":500,"caption":"Symbioosi"},"logo":{"@id":"https:\/\/symbioosi.fr\/#personlogo"},"sameAs":["https:\/\/www.instagram.com\/symbioosi_store\/"]},{"@type":"WebSite","@id":"https:\/\/symbioosi.fr\/#website","url":"https:\/\/symbioosi.fr\/","name":"SYMBIOOSI","description":"Produits naturels et de qualit\u00e9 pour chiens, chats, NAC...","publisher":{"@id":"https:\/\/symbioosi.fr\/#\/schema\/person\/dd144bbfb16d0edb6ddd70911df0f8d7"},"potentialAction":[{"@type":"SearchAction","target":{"@type":"EntryPoint","urlTemplate":"https:\/\/symbioosi.fr\/?s={search_term_string}"},"query-input":"required name=search_term_string"}],"inLanguage":"fr-FR"},{"@type":"ImageObject","@id":"https:\/\/symbioosi.fr\/index.php\/produit\/argent-colloidal-les-recettes-de-daniel\/#primaryimage","inLanguage":"fr-FR","url":"https:\/\/symbioosi.fr\/wp-content\/uploads\/2020\/12\/argent-colloidal-scaled-e1607532585306.jpg","contentUrl":"https:\/\/symbioosi.fr\/wp-content\/uploads\/2020\/12\/argent-colloidal-scaled-e1607532585306.jpg","width":1920,"height":2109,"caption":"argent-colloidal"},{"@type":"WebPage","@id":"https:\/\/symbioosi.fr\/index.php\/produit\/argent-colloidal-les-recettes-de-daniel\/#webpage","url":"https:\/\/symbioosi.fr\/index.php\/produit\/argent-colloidal-les-recettes-de-daniel\/","name":"Argent collo\u00efdal - Les recettes de Daniel - SYMBIOOSI","isPartOf":{"@id":"https:\/\/symbioosi.fr\/#website"},"primaryImageOfPage":{"@id":"https:\/\/symbioosi.fr\/index.php\/produit\/argent-colloidal-les-recettes-de-daniel\/#primaryimage"},"datePublished":"2020-12-06T09:51:23+00:00","dateModified":"2022-05-10T18:41:04+00:00","description":"L\u2019argent collo\u00efdal pour chien pr\u00e9serve et renforce les d\u00e9fenses naturelles, apaise et et stimule la cicatrisation en assainissant la peau.","breadcrumb":{"@id":"https:\/\/symbioosi.fr\/index.php\/produit\/argent-colloidal-les-recettes-de-daniel\/#breadcrumb"},"inLanguage":"fr-FR","potentialAction":[{"@type":"ReadAction","target":["https:\/\/symbioosi.fr\/index.php\/produit\/argent-colloidal-les-recettes-de-daniel\/"]}]},{"@type":"BreadcrumbList","@id":"https:\/\/symbioosi.fr\/index.php\/produit\/argent-colloidal-les-recettes-de-daniel\/#breadcrumb","itemListElement":[{"@type":"ListItem","position":1,"name":"Accueil","item":"https:\/\/symbioosi.fr\/"},{"@type":"ListItem","position":2,"name":"Boutique","item":"https:\/\/symbioosi.fr\/index.php\/boutique\/"},{"@type":"ListItem","position":3,"name":"Argent collo\u00efdal &#8211; Les recettes de Daniel"}]}]}},"_links":{"self":[{"href":"https:\/\/symbioosi.fr\/index.php\/wp-json\/wp\/v2\/product\/2272"}],"collection":[{"href":"https:\/\/symbioosi.fr\/index.php\/wp-json\/wp\/v2\/product"}],"about":[{"href":"https:\/\/symbioosi.fr\/index.php\/wp-json\/wp\/v2\/types\/product"}],"replies":[{"embeddable":true,"href":"https:\/\/symbioosi.fr\/index.php\/wp-json\/wp\/v2\/comments?post=2272"}],"wp:featuredmedia":[{"embeddable":true,"href":"https:\/\/symbioosi.fr\/index.php\/wp-json\/wp\/v2\/media\/2341"}],"wp:attachment":[{"href":"https:\/\/symbioosi.fr\/index.php\/wp-json\/wp\/v2\/media?parent=2272"}],"wp:term":[{"taxonomy":"product_cat","embeddable":true,"href":"https:\/\/symbioosi.fr\/index.php\/wp-json\/wp\/v2\/product_cat?post=2272"},{"taxonomy":"product_tag","embeddable":true,"href":"https:\/\/symbioosi.fr\/index.php\/wp-json\/wp\/v2\/product_tag?post=2272"}],"curies":[{"name":"wp","href":"https:\/\/api.w.org\/{rel}","templated":true}]}}