{"id":1410,"date":"2020-07-13T17:50:01","date_gmt":"2020-07-13T15:50:01","guid":{"rendered":"https:\/\/symbioosi.fr\/?post_type=product&#038;p=1410"},"modified":"2022-05-10T20:22:47","modified_gmt":"2022-05-10T18:22:47","slug":"patee-coat-skin-naturea","status":"publish","type":"product","link":"https:\/\/symbioosi.fr\/index.php\/produit\/patee-coat-skin-naturea\/","title":{"rendered":"P\u00e2t\u00e9e Coat &#038; Skin &#8211; Naturea"},"content":{"rendered":"<div class=\"kvgmc6g5 cxmmr5t8 oygrvhab hcukyx3x c1et5uql\">La qualit\u00e9 du poils et de la peau de nos chiens est un indicateur important de la bonne sant\u00e9 de ceux-ci, mais aussi de leur bonne alimentation. C&#8217;est pourquoi nous avons choisi cette p\u00e2t\u00e9e afin d&#8217;aider \u00e0 la sant\u00e9 de vos chiens et de leur pelage : un concentr\u00e9 de vitamine A, B8, E ainsi que du zinc pour une peau plus belle. Cette gourmandise est \u00e9galement source d&#8217;om\u00e9ga-3 gr\u00e2ce au Krill et \u00e0 l&#8217;huile de saumon qu&#8217;elle contient. Les bienfaits des om\u00e9ga-3 sont nombreux, notamment le fait de nourrir la peau et les poils en profondeur. L&#8217;huile d&#8217;olive pr\u00e9sente remplie \u00e9galement ce r\u00f4le d&#8217;hydratant et fait briller le poils. Le tout se retrouve avec un d\u00e9licieux go\u00fbt de viande de sanglier sauvage.<\/div>\n<div><\/div>\n<div class=\"o9v6fnle cxmmr5t8 oygrvhab hcukyx3x c1et5uql\">Cette p\u00e2t\u00e9e convient \u00e0 toutes les races de chiens tout au long de chaque stade de leur vie (chiot, chien adulte et s\u00e9niors).<\/div>\n<div><\/div>\n<p><strong>Quantit\u00e9s recommand\u00e9es :<\/strong><\/p>\n<ul>\n<li>De 1-10 kg : \u00a030 gr par kg de poids.<\/li>\n<li>De 11-25 kg : \u00a025 gr par kg de poids.<\/li>\n<li>25 kg et + : \u00a020 gr par kg de poids.<\/li>\n<\/ul>\n<p><strong>Conservation :\u00a0<\/strong>Avant ouverture, \u00e0 garder au sec et \u00e0 l\u2019abri de l\u2019humidit\u00e9. Apr\u00e8s ouverture, se conserve 3 jours au r\u00e9frig\u00e9rateur.<\/p>\n<p><strong>Constituants analytiques :\u00a0<\/strong>Prot\u00e9ines brutes : 10,13%, mati\u00e8res grasses brutes : 10,50%, fibres brutes : 0,35%, cendres brutes : 2%, humidit\u00e9 : 75%<\/p>\n<p><strong>Suggestion :<\/strong> \u00c0 utiliser en tant que repas exclusif, \u00e0 ajouter aux croquettes ou bien \u00e0 utiliser sur les Lickimats pr\u00e9sents sur la boutique, dans des jouets d\u2019occupation ou dans les sabots, petites trach\u00e9es\u2026<\/p>\n<p><strong>Contenance :<\/strong>\u00a0375 gr<\/p>\n","protected":false},"excerpt":{"rendered":"<p style=\"text-align: center;\"><strong>Sans colorant artificiel, sans ajout de parfum, ni conservateur \u2013 Haute app\u00e9tence \u2013 Facilit\u00e9 de digestion<\/strong><\/p>\n<p><strong>Composition<\/strong> : Viande de sanglier frais (38%), prot\u00e9ines de poulet hydrolys\u00e9es, carottes, huile d\u2019olives, krill hydrolys\u00e9, huile de saumon, extrait de yucca, levure, MOS.<\/p>\n","protected":false},"featured_media":5582,"comment_status":"open","ping_status":"closed","template":"","meta":[],"product_cat":[227],"product_tag":[70,72,68],"yoast_head":"<!-- This site is optimized with the Yoast SEO plugin v17.3 - https:\/\/yoast.com\/wordpress\/plugins\/seo\/ -->\n<title>P\u00e2t\u00e9e Coat &amp; Skin - Naturea - SYMBIOOSI<\/title>\n<meta name=\"robots\" content=\"noindex, follow, max-snippet:-1, max-image-preview:large, max-video-preview:-1\" \/>\n<meta property=\"og:locale\" content=\"fr_FR\" \/>\n<meta property=\"og:type\" content=\"article\" \/>\n<meta property=\"og:title\" content=\"P\u00e2t\u00e9e Coat &amp; Skin - Naturea - SYMBIOOSI\" \/>\n<meta property=\"og:description\" content=\"Sans colorant artificiel, sans ajout de parfum, ni conservateur \u2013 Haute app\u00e9tence \u2013 Facilit\u00e9 de digestion Composition : Viande de sanglier frais (38%), prot\u00e9ines de poulet hydrolys\u00e9es, carottes, huile d\u2019olives, krill hydrolys\u00e9, huile de saumon, extrait de yucca, levure, MOS.\" \/>\n<meta property=\"og:url\" content=\"https:\/\/symbioosi.fr\/index.php\/produit\/patee-coat-skin-naturea\/\" \/>\n<meta property=\"og:site_name\" content=\"SYMBIOOSI\" \/>\n<meta property=\"article:modified_time\" content=\"2022-05-10T18:22:47+00:00\" \/>\n<meta property=\"og:image\" content=\"https:\/\/symbioosi.fr\/wp-content\/uploads\/2020\/07\/DSC7486.jpg\" \/>\n\t<meta property=\"og:image:width\" content=\"1365\" \/>\n\t<meta property=\"og:image:height\" content=\"2048\" \/>\n<meta name=\"twitter:card\" content=\"summary_large_image\" \/>\n<meta name=\"twitter:label1\" content=\"Dur\u00e9e de lecture estim\u00e9e\" \/>\n\t<meta name=\"twitter:data1\" content=\"1 minute\" \/>\n<script type=\"application\/ld+json\" class=\"yoast-schema-graph\">{\"@context\":\"https:\/\/schema.org\",\"@graph\":[{\"@type\":[\"Person\",\"Organization\"],\"@id\":\"https:\/\/symbioosi.fr\/#\/schema\/person\/dd144bbfb16d0edb6ddd70911df0f8d7\",\"name\":\"Symbioosi\",\"image\":{\"@type\":\"ImageObject\",\"@id\":\"https:\/\/symbioosi.fr\/#personlogo\",\"inLanguage\":\"fr-FR\",\"url\":\"https:\/\/symbioosi.fr\/wp-content\/uploads\/2020\/04\/Sans-titre.png\",\"contentUrl\":\"https:\/\/symbioosi.fr\/wp-content\/uploads\/2020\/04\/Sans-titre.png\",\"width\":500,\"height\":500,\"caption\":\"Symbioosi\"},\"logo\":{\"@id\":\"https:\/\/symbioosi.fr\/#personlogo\"},\"sameAs\":[\"https:\/\/www.instagram.com\/symbioosi_store\/\"]},{\"@type\":\"WebSite\",\"@id\":\"https:\/\/symbioosi.fr\/#website\",\"url\":\"https:\/\/symbioosi.fr\/\",\"name\":\"SYMBIOOSI\",\"description\":\"Produits naturels et de qualit\\u00e9 pour chiens, chats, NAC...\",\"publisher\":{\"@id\":\"https:\/\/symbioosi.fr\/#\/schema\/person\/dd144bbfb16d0edb6ddd70911df0f8d7\"},\"potentialAction\":[{\"@type\":\"SearchAction\",\"target\":{\"@type\":\"EntryPoint\",\"urlTemplate\":\"https:\/\/symbioosi.fr\/?s={search_term_string}\"},\"query-input\":\"required name=search_term_string\"}],\"inLanguage\":\"fr-FR\"},{\"@type\":\"ImageObject\",\"@id\":\"https:\/\/symbioosi.fr\/index.php\/produit\/patee-coat-skin-naturea\/#primaryimage\",\"inLanguage\":\"fr-FR\",\"url\":\"https:\/\/symbioosi.fr\/wp-content\/uploads\/2020\/07\/DSC7486.jpg\",\"contentUrl\":\"https:\/\/symbioosi.fr\/wp-content\/uploads\/2020\/07\/DSC7486.jpg\",\"width\":1365,\"height\":2048},{\"@type\":\"WebPage\",\"@id\":\"https:\/\/symbioosi.fr\/index.php\/produit\/patee-coat-skin-naturea\/#webpage\",\"url\":\"https:\/\/symbioosi.fr\/index.php\/produit\/patee-coat-skin-naturea\/\",\"name\":\"P\\u00e2t\\u00e9e Coat & Skin - Naturea - SYMBIOOSI\",\"isPartOf\":{\"@id\":\"https:\/\/symbioosi.fr\/#website\"},\"primaryImageOfPage\":{\"@id\":\"https:\/\/symbioosi.fr\/index.php\/produit\/patee-coat-skin-naturea\/#primaryimage\"},\"datePublished\":\"2020-07-13T15:50:01+00:00\",\"dateModified\":\"2022-05-10T18:22:47+00:00\",\"breadcrumb\":{\"@id\":\"https:\/\/symbioosi.fr\/index.php\/produit\/patee-coat-skin-naturea\/#breadcrumb\"},\"inLanguage\":\"fr-FR\",\"potentialAction\":[{\"@type\":\"ReadAction\",\"target\":[\"https:\/\/symbioosi.fr\/index.php\/produit\/patee-coat-skin-naturea\/\"]}]},{\"@type\":\"BreadcrumbList\",\"@id\":\"https:\/\/symbioosi.fr\/index.php\/produit\/patee-coat-skin-naturea\/#breadcrumb\",\"itemListElement\":[{\"@type\":\"ListItem\",\"position\":1,\"name\":\"Accueil\",\"item\":\"https:\/\/symbioosi.fr\/\"},{\"@type\":\"ListItem\",\"position\":2,\"name\":\"Boutique\",\"item\":\"https:\/\/symbioosi.fr\/index.php\/boutique\/\"},{\"@type\":\"ListItem\",\"position\":3,\"name\":\"P\\u00e2t\\u00e9e Coat &#038; Skin &#8211; Naturea\"}]}]}<\/script>\n<!-- \/ Yoast SEO plugin. -->","yoast_head_json":{"title":"P\u00e2t\u00e9e Coat & Skin - Naturea - SYMBIOOSI","robots":{"index":"noindex","follow":"follow","max-snippet":"max-snippet:-1","max-image-preview":"max-image-preview:large","max-video-preview":"max-video-preview:-1"},"og_locale":"fr_FR","og_type":"article","og_title":"P\u00e2t\u00e9e Coat & Skin - Naturea - SYMBIOOSI","og_description":"Sans colorant artificiel, sans ajout de parfum, ni conservateur \u2013 Haute app\u00e9tence \u2013 Facilit\u00e9 de digestion Composition : Viande de sanglier frais (38%), prot\u00e9ines de poulet hydrolys\u00e9es, carottes, huile d\u2019olives, krill hydrolys\u00e9, huile de saumon, extrait de yucca, levure, MOS.","og_url":"https:\/\/symbioosi.fr\/index.php\/produit\/patee-coat-skin-naturea\/","og_site_name":"SYMBIOOSI","article_modified_time":"2022-05-10T18:22:47+00:00","og_image":[{"width":1365,"height":2048,"url":"https:\/\/symbioosi.fr\/wp-content\/uploads\/2020\/07\/DSC7486.jpg","type":"image\/jpeg"}],"twitter_card":"summary_large_image","twitter_misc":{"Dur\u00e9e de lecture estim\u00e9e":"1 minute"},"schema":{"@context":"https:\/\/schema.org","@graph":[{"@type":["Person","Organization"],"@id":"https:\/\/symbioosi.fr\/#\/schema\/person\/dd144bbfb16d0edb6ddd70911df0f8d7","name":"Symbioosi","image":{"@type":"ImageObject","@id":"https:\/\/symbioosi.fr\/#personlogo","inLanguage":"fr-FR","url":"https:\/\/symbioosi.fr\/wp-content\/uploads\/2020\/04\/Sans-titre.png","contentUrl":"https:\/\/symbioosi.fr\/wp-content\/uploads\/2020\/04\/Sans-titre.png","width":500,"height":500,"caption":"Symbioosi"},"logo":{"@id":"https:\/\/symbioosi.fr\/#personlogo"},"sameAs":["https:\/\/www.instagram.com\/symbioosi_store\/"]},{"@type":"WebSite","@id":"https:\/\/symbioosi.fr\/#website","url":"https:\/\/symbioosi.fr\/","name":"SYMBIOOSI","description":"Produits naturels et de qualit\u00e9 pour chiens, chats, NAC...","publisher":{"@id":"https:\/\/symbioosi.fr\/#\/schema\/person\/dd144bbfb16d0edb6ddd70911df0f8d7"},"potentialAction":[{"@type":"SearchAction","target":{"@type":"EntryPoint","urlTemplate":"https:\/\/symbioosi.fr\/?s={search_term_string}"},"query-input":"required name=search_term_string"}],"inLanguage":"fr-FR"},{"@type":"ImageObject","@id":"https:\/\/symbioosi.fr\/index.php\/produit\/patee-coat-skin-naturea\/#primaryimage","inLanguage":"fr-FR","url":"https:\/\/symbioosi.fr\/wp-content\/uploads\/2020\/07\/DSC7486.jpg","contentUrl":"https:\/\/symbioosi.fr\/wp-content\/uploads\/2020\/07\/DSC7486.jpg","width":1365,"height":2048},{"@type":"WebPage","@id":"https:\/\/symbioosi.fr\/index.php\/produit\/patee-coat-skin-naturea\/#webpage","url":"https:\/\/symbioosi.fr\/index.php\/produit\/patee-coat-skin-naturea\/","name":"P\u00e2t\u00e9e Coat & Skin - Naturea - SYMBIOOSI","isPartOf":{"@id":"https:\/\/symbioosi.fr\/#website"},"primaryImageOfPage":{"@id":"https:\/\/symbioosi.fr\/index.php\/produit\/patee-coat-skin-naturea\/#primaryimage"},"datePublished":"2020-07-13T15:50:01+00:00","dateModified":"2022-05-10T18:22:47+00:00","breadcrumb":{"@id":"https:\/\/symbioosi.fr\/index.php\/produit\/patee-coat-skin-naturea\/#breadcrumb"},"inLanguage":"fr-FR","potentialAction":[{"@type":"ReadAction","target":["https:\/\/symbioosi.fr\/index.php\/produit\/patee-coat-skin-naturea\/"]}]},{"@type":"BreadcrumbList","@id":"https:\/\/symbioosi.fr\/index.php\/produit\/patee-coat-skin-naturea\/#breadcrumb","itemListElement":[{"@type":"ListItem","position":1,"name":"Accueil","item":"https:\/\/symbioosi.fr\/"},{"@type":"ListItem","position":2,"name":"Boutique","item":"https:\/\/symbioosi.fr\/index.php\/boutique\/"},{"@type":"ListItem","position":3,"name":"P\u00e2t\u00e9e Coat &#038; Skin &#8211; Naturea"}]}]}},"_links":{"self":[{"href":"https:\/\/symbioosi.fr\/index.php\/wp-json\/wp\/v2\/product\/1410"}],"collection":[{"href":"https:\/\/symbioosi.fr\/index.php\/wp-json\/wp\/v2\/product"}],"about":[{"href":"https:\/\/symbioosi.fr\/index.php\/wp-json\/wp\/v2\/types\/product"}],"replies":[{"embeddable":true,"href":"https:\/\/symbioosi.fr\/index.php\/wp-json\/wp\/v2\/comments?post=1410"}],"wp:featuredmedia":[{"embeddable":true,"href":"https:\/\/symbioosi.fr\/index.php\/wp-json\/wp\/v2\/media\/5582"}],"wp:attachment":[{"href":"https:\/\/symbioosi.fr\/index.php\/wp-json\/wp\/v2\/media?parent=1410"}],"wp:term":[{"taxonomy":"product_cat","embeddable":true,"href":"https:\/\/symbioosi.fr\/index.php\/wp-json\/wp\/v2\/product_cat?post=1410"},{"taxonomy":"product_tag","embeddable":true,"href":"https:\/\/symbioosi.fr\/index.php\/wp-json\/wp\/v2\/product_tag?post=1410"}],"curies":[{"name":"wp","href":"https:\/\/api.w.org\/{rel}","templated":true}]}}